19*p + 3. Let s be w(14). Let c = 254 + s. Suppose 5*g = 2*y - c, 2*y - g - 171 = -4*g. What are the prime factors of y?
2, 3, 13
Let m(b) = b**2 + b. Let k(f) = -f**2 - 5*f - 1. Let i(a) = k(a) + 2*m(a). Let w be i(3). List the prime factors of ((-5)/4)/(w + 38/40).
5
What are the prime factors of 39/(-9) - 2637817/(-147)?
2, 3, 5, 13, 23
Let u = 3474 - 2363. List the prime factors of u.
11, 101
Let k = 0 + 171. Suppose 5*v = 25, 0 = 2*g + 22*v - 23*v - 83. Suppose g = -h + k. What are the prime factors of h?
127
Suppose 40*z - 26*z = 26*z - 710112. What are the prime factors of z?
2, 13, 569
List the prime factors of (479 - -1) + -4 + 5.
13, 37
What are the prime factors of 3 + (-17 - -3) + 1933?
2, 31
Let x(y) = -y**2 - 18*y + 10. Let f be x(-19). Let s(z) = -z**2 - 10*z - 5. Let v be s(f). List the prime factors of 268/(-6)*(-6)/v.
67
Suppose -2*n = -3*y - 453, -3*y + 143 = -4*n + 1058. Let a = n - 9. List the prime factors of a.
2, 3, 37
Let y = -67 - -91. Suppose 28*w - 12 = y*w. Suppose 75 = 2*d + w*d. List the prime factors of d.
3, 5
Let b(s) = -3*s + 157*s**2 + 0 - 1 + 8 + 1. What are the prime factors of b(2)?
2, 3, 5, 7
Let j = 84892 + -47287. What are the prime factors of j?
3, 5, 23, 109
Suppose -36*h + 179 = -793. Suppose -7120 = 22*f - h*f. List the prime factors of f.
2, 89
List the prime factors of -3*(-1)/(((5 - 4)/(-1))/(-591)).
3, 197
Let h = 210 + -191. Let c(m) be the third derivative of m**5/60 - 3*m**4/4 - 3*m**3/2 + 5*m**2. List the prime factors of c(h).
2, 5
Suppose 10*v - 473440 = -25*v - 107445. What are the prime factors of v?
10457
Suppose 12*i = 5*m + 16*i - 6329, 2*i = 5*m - 6323. What are the prime factors of m?
5, 11, 23
Let q = -108 + 115. Suppose q*n = 1173 + 1970. List the prime factors of n.
449
What are the prime factors of (4910/2)/(49/(21560/100))?
2, 11, 491
Let l(p) = 814*p**2 - 98*p - 28. What are the prime factors of l(8)?
2, 12821
Let m = 2 + 1. Suppose 0*u + m*h + 1473 = 4*u, -4*h = -5*u + 1840. What are the prime factors of u?
2, 3, 31
Let i(r) = r**2 - 12*r + 9. Let p be i(9). What are the prime factors of (p/(-4))/((-19)/(-19))*190?
3, 5, 19
Let i(l) = 509*l + 137. List the prime factors of i(17).
2, 3, 5, 293
Let t = 194 - 170. List the prime factors of t - 32 - (-1391 + -1).
2, 173
Suppose -9*r - 4*p + 8625 = -6*r, 0 = -3*r - 2*p + 8637. List the prime factors of r.
3, 31
Let g be 1 + 1 - (-42)/14. Suppose g*n + 5*x - 600 = 0, 0 = 3*n - 5*x + 131 - 523. List the prime factors of n.
2, 31
Let n be 2/4 + 55/10*-23. Let b = -344 + 595. Let z = n + b. What are the prime factors of z?
5
List the prime factors of 1478 - (-12 + 24)/(-2).
2, 7, 53
Suppose -4*k = q - 42, 0 = -k + 2*q - 6*q + 3. Suppose 3*f + 804 = 5*t, -12*t - 5*f + 172 = -k*t. What are the prime factors of t?
2, 3
Let t be (208/728)/((-26)/28 - -1). Suppose f - 2*f + t*a + 1453 = 0, -5826 = -4*f + 2*a. List the prime factors of f.
31, 47
Suppose -y - 4*q = -34324, -5*y = 192*q - 193*q - 171641. List the prime factors of y.
2, 7, 613
Let a(u) = 0*u**3 - 3*u - 11*u**3 + 5*u**2 + 3 + 1 + 12*u**3. What are the prime factors of a(3)?
67
Let g(o) = -6*o**2 - 2*o - 11. Let i(s) = 3*s**2 + s**2 - 12 - s - 4*s**2 - 6*s**2. Let a(z) = -4*g(z) + 3*i(z). What are the prime factors of a(-6)?
2, 97
Let i(n) = n**2 + 15*n + 2. Let b be i(-15). Suppose -31 = 3*a + 3*y + b*y, -4*a - 47 = y. Let r(g) = g**2 + 10*g + 19. List the prime factors of r(a).
43
Suppose k = 3*d + 110, -k + 2*d = -6*k + 635. Let v = -51 + k. Suppose -5*p + 479 = v. What are the prime factors of p?
3
Let z = 7329 + -4130. Let m = z - 1950. List the prime factors of m.
1249
Let t(z) = z**2 - 6*z + 12. Let k be t(4). Suppose -2*f = -5*w - 16, 0 = w - 0*w + k. What are the prime factors of (-3)/f*(-434)/(-3)?
7, 31
Suppose 2*m = -5*i - 27, -4 = 4*m - 0*m. Let o(k) = -k**2 - 6*k - 4. Let s be o(i). List the prime factors of 28/35*(16 - s).
2, 3
Let h(i) = -60*i**3 - 11*i**2 - 10*i - 6. List the prime factors of h(-5).
3, 2423
Let h be 100/(-3)*21/(-14). Suppose 32*l - 27*l = -h. List the prime factors of (-116)/(-8) + 5/l.
2, 7
Let m = -3651 + 27879. List the prime factors of m.
2, 3, 673
Let a = 16 + -14. Suppose 63 = 2*l + a*i - i, 48 = 2*l - 2*i. Suppose 6*z - l = -17. What are the prime factors of z?
2
Suppose 5*u = -b + 874, 2*b = 3*u - 0*b - 527. List the prime factors of 7/(u/110)*20.
2, 11
Let g = -4006 + 15336. Suppose z + g = 12*z. What are the prime factors of z?
2, 5, 103
Let h be 1 - (-2)/(3 - 2). Let o be 383 - (15 - (-210)/(-15)). What are the prime factors of (1 - 5/((-10)/o)) + h?
3, 5, 13
Suppose 0 = j + 4*j - 900. Let z = 271 - j. Suppose z + 6 = w. What are the prime factors of w?
97
Let i = 2954 - 2951. Let k(r) = -24*r**3 - 2*r**2 - 2*r - 1. Let m be k(-1). Suppose -i*n - m = -200. List the prime factors of n.
59
Suppose -3*m + 11778 = l, -1905*m + 1903*m + 23584 = 2*l. List the prime factors of l.
3, 19, 23
What are the prime factors of (7 + 23)*((-14565)/(-9) + -8)?
2, 5, 4831
Let x be ((-136)/153)/((-2)/18). Suppose 2*b + x*a - 3*a = 1261, 5*b + 2*a = 3184. List the prime factors of b.
2, 11, 29
Suppose 7*r + 11 = 10*r + 2*l, 0 = -5*r + 2*l + 29. Let u be ((-2510)/(-2))/r - 2. Suppose -u = -4*w + 219. What are the prime factors of w?
3, 13
Let l(b) = b - 6. Let f be l(6). Suppose -1996 + 20730 = 29*u. Suppose 5*c + 10 = f, -5*t + 6*c = 3*c - u. List the prime factors of t.
2
Suppose 3*x + 4*u - 2103 = 8*u, 0 = -3*u - 17*u. What are the prime factors of x?
701
Let y = 46 + -45. Let h be (-1 + 2)*y*239. Suppose 4*r + 3 - h = -2*o, 5*r + 343 = 3*o. What are the prime factors of o?
2, 29
Suppose 3*c + 4*t = -6, 5*c + 5*t = -4 - 1. Suppose 28*g - 6832 = 12*g. Suppose -c*x = -5*x + w + 257, -5*x + w + g = 0. List the prime factors of x.
5, 17
Let t(s) = 2*s + 13*s - 18*s - 1. Let h be t(2). Let l(p) = p**3 + 8*p**2 + 2*p - 2. List the prime factors of l(h).
3, 11
Let m = 0 + -2. Let y be (-3 - 3/(-1))/m. Suppose o - 191 + 24 = y. List the prime factors of o.
167
Suppose 12*j = 18*j + 48. Suppose -4*a - 2 = -30. What are the prime factors of -13 + a - j - (-40 + 1)?
41
Let s(v) = -589*v**3 - 15*v**2 - 87*v - 19. List the prime factors of s(-4).
3, 5, 11, 229
Suppose 30*x - 316665 + 82005 = 0. List the prime factors of x.
2, 3911
Let f = -35026 + 55066. List the prime factors of f.
2, 3, 5, 167
Suppose 0 = m - 4*u + 10, 0 = 4*m - 5*u + 3 + 4. Suppose 0 = 3*k + h - 108, m*k + 3*h - 20 = 45. Let l = k + -16. What are the prime factors of l?
3, 7
Let j = 44110 + -29864. List the prime factors of j.
2, 17, 419
Suppose -5*w + 16 = 6. Let j(r) = 29*r**2 + 2*r - 3. Let x be j(w). Suppose -k - 164 = -3*n, 3*n + 2*k = 59 + x. What are the prime factors of n?
2, 7
Let g(a) be the third derivative of 71*a**5/60 + 7*a**4/12 + 43*a**3/6 - 57*a**2 + a. What are the prime factors of g(-4)?
1123
Let i(t) = -96*t**3 + 5*t**2 + 35*t - 84. What are the prime factors of i(-5)?
2, 17, 349
Suppose -23116 = -l - 2*i - 1786, -2*l - 5*i + 42665 = 0. List the prime factors of l.
2, 5, 13, 41
Let o = -12832 + 27620. What are the prime factors of o?
2, 3697
Let n = 68309 + -34426. List the prime factors of n.
31, 1093
Suppose 2*a = -3*a + 18745. What are the prime factors of a?
23, 163
Let p(t) = 8*t + 149. Let i be p(-18). What are the prime factors of i/(-30) + (-5234)/(-12)?
2, 109
Suppose 5*j = -5*b + 54105, 0 = b - 21 + 17. List the prime factors of j.
29, 373
Suppose 3*z = -2*t - 743, 0 = -6*t + 2*t - 2*z - 1498. Let g = -266 - t. Let d = -47 + g. What are the prime factors of d?
3, 7
List the prime factors of 196/833 + 1553308/68.
53, 431
What are the prime factors of -4 + (-688)/(-176) - (-99200)/22?
3, 167
Let l(g) = 12*g**2 - 10*g + 13. Let q be l(3). Suppose -3*n - 2*n - 360 = 0. Let y = q + n. List the prime factors of y.
19
Suppose 5*b = 5*t - 110, -7*b = -2*t - 11*b + 68. Suppose 33*z - 4508 = t*z. What are the prime factors of z?
2, 7, 23
Let r = 870 + 1656. List the prime factors of r.
2, 3, 421
Let m be (-24)/(-40) + (-88)/(-20). What are the prime factors of (-2)/((-2304)/460 + m)?
2, 5, 23
Suppose 249 - 114 = -3*a. What are the prime factors of -2*a/(-4)*(-2 + -2)?
2, 3, 5
Let s(m) = -m**2 + 12*m - 32. Let j be s(5). Suppose 2*v = -11 + 395. Suppose -r - g + v = g, -